e prime factors of f.
2, 79
Let i = -26 - -34. List the prime factors of i.
2
Let b be (2 + (-16)/10)*-5. Let g(c) = 6*c**2 - 1 + 2*c**2 + 2*c - 5*c**2. What are the prime factors of g(b)?
7
Suppose -459 = -9*c + 216. What are the prime factors of c?
3, 5
Suppose 0 = a - 5*a, -5*i = -3*a - 10. List the prime factors of 4 - (i + -3 - 2).
7
Let t = 17 - 15. Suppose 8 - 29 = -t*k + 3*p, 2*k = 5*p + 19. What are the prime factors of k?
2, 3
Suppose -180 = -10*f + 5*f. Let z = -20 + f. What are the prime factors of z?
2
Let k = -8 - -11. What are the prime factors of (-1)/k*(1 + -58)?
19
Let r(x) = 5*x**2 - 2*x - 5. Let i be r(-4). Suppose b - w - 25 = -9, -2*w - i = -5*b. List the prime factors of b.
17
Suppose j = -0*j + 1. Let l be (j/1)/(1/2). Let f = 17 + l. List the prime factors of f.
19
Suppose -4*j + 8 = -5*g, -g + 2*j = g + 4. Suppose g*m + m - 12 = 0. List the prime factors of (-46)/(-12) + 2/m.
2
Suppose -26*d = 2076 - 6444. List the prime factors of d.
2, 3, 7
Suppose -46 + 346 = 2*z. List the prime factors of z.
2, 3, 5
Let a(s) = 22*s**2 + 1. Let i be a(1). Suppose 0 = -2*h - 6 - 22. Let m = h + i. List the prime factors of m.
3
Let l(u) = -2*u - 9. Let o be l(-6). Suppose -o = 4*x - 5*x. Let b(w) = -w**3 + 3*w**2 + 4*w - 3. What are the prime factors of b(x)?
3
Let c(h) = 4*h**2 + 5*h - 5*h**2 + 2*h**2 + 1. List the prime factors of c(-6).
7
Suppose 3*d = 5*a + 34 - 10, 4*a + 3 = -3*d. Suppose -d*k + 2 = -3*u + 11, 5*u = -3*k + 23. What are the prime factors of u?
2
Let k = -5 + 5. Suppose k = h - 4*b - 9, -4*h + 74 = -b + 4*b. What are the prime factors of (-4)/(-6)*3 + h?
19
Let u(o) = -2*o**3 - 4*o**2 + 2*o + 2. Let w be u(-3). Let l(q) = -w*q + 0 + 3 - q**2 + 5*q - 4. List the prime factors of l(-8).
7
Suppose u - 2*u - 2*l = -13, 2*u - 28 = -2*l. Suppose 4*h - h + 3*v - u = 0, 0 = -2*v - 10. What are the prime factors of h?
2, 5
Let g(d) be the first derivative of d**3/3 + 7*d**2/2 - 8*d - 3. Let a be g(-8). Suppose 2*l + 3*k - 33 = -2*k, 3*l + k - 43 = a. List the prime factors of l.
2, 7
Let a(t) = t**3 + 3*t**2 + 1. Let m be a(-3). Let o = 7 + m. List the prime factors of o.
2
Let n(k) = -k**3 - 7*k**2 + 4. Let a be n(-7). List the prime factors of 57/a + 6/(-24).
2, 7
Suppose -5*t - 273 = -2*l, 0 = -2*l - 5*t + 122 + 181. List the prime factors of l.
2, 3
Suppose q + 8*u - 245 = 5*u, 0 = -3*q - 3*u + 747. List the prime factors of q.
251
Let x be (-16)/(-6) - 8/12. Let r be x + 45 - (-4 - -2). Suppose -d = 5*i - 11, 4*i + 5 = -4*d + r. List the prime factors of d.
11
Let a(n) = -n**2 - 5*n. Let t be a(-5). Suppose v + 8 = 5*y - 17, -5*y + 3*v + 25 = t. List the prime factors of y.
5
Let z(w) = -3*w + 1. Let c(y) = y**3 - 11*y**2 - 14*y + 18. Let t be c(12). What are the prime factors of z(t)?
19
Let j = 42 - 25. Let x = 25 - j. List the prime factors of x.
2
Suppose -s + 5*s = 16. Suppose -s*q - 80 = -9*q. List the prime factors of q.
2
Suppose 0*b + 30 = -d - 4*b, b = d + 5. What are the prime factors of d/(-3)*(-2 + 5)?
2, 5
Suppose 0*i = -2*i - 4. Let j = i - -6. Suppose y = j*y - 4*p - 38, 59 = 4*y + 3*p. List the prime factors of y.
2, 7
Let t = 25 - 60. Suppose k - 3*k - 32 = 0. Let m = k - t. List the prime factors of m.
19
Let w = 93 - -5. List the prime factors of w.
2, 7
Let u(o) = -o**3 - 3*o**2 + 2. Let d(b) = 5*b**3 + 1. Let h be d(-1). Let g be u(h). List the prime factors of 3/(-12) - g/(-8).
2
Let r(c) = c**2 + 4*c + 13. List the prime factors of r(-6).
5
Suppose -4*p - 28 = 40. Let v = 87 - 62. Let h = v + p. What are the prime factors of h?
2
Let v(i) = -i + 1. Let m be -6*(6/(-4) + 1). Let f(g) = 4*g - 5. Let s(o) = m*v(o) + f(o). What are the prime factors of s(8)?
2, 3
Suppose 14*k - 17*k + 240 = 0. List the prime factors of k.
2, 5
Let r(u) = u**2 - 8*u + 10. Let c(k) = 2 - 5*k**3 + 7*k**2 - 5*k + 2*k**3 + 2*k**3. Let a be c(6). List the prime factors of r(a).
2, 5
Let a(z) = -1 + 4*z**2 - 10*z + 1 - 8 - 12*z**2 - z**3. What are the prime factors of a(-7)?
13
Suppose 3*w + 5*h - 16 = 4*h, 0 = w - 4*h - 1. Suppose w*n = 7*n - 44. List the prime factors of n.
2, 11
Let u = -38 - -65. Let x = -16 + u. What are the prime factors of x?
11
Suppose -126 = -5*o + 29. Suppose -3*v + 44 + o = 0. What are the prime factors of v?
5
Let a = -8 + 10. Suppose 0*p = -3*n + 3*p + 42, -34 = -a*n + 4*p. List the prime factors of n - (-1 - (0 + -1)).
11
Let z(o) be the first derivative of o**3/3 + o**2/2 + 10*o + 2. What are the prime factors of z(0)?
2, 5
Let g be (5 + -3)/(4/(-6)). List the prime factors of -4 - g - -1*3.
2
Suppose 0 = 2*v - 34 - 8. Let c = v + -14. What are the prime factors of c?
7
Suppose l = 6*l - 290. What are the prime factors of l?
2, 29
Suppose -10 = -3*d + 35. What are the prime factors of d?
3, 5
Let c(s) = s - 5. Let i be c(5). Suppose -5*t + 5*l + 70 = i, 3*t + 10 - 58 = 5*l. List the prime factors of t.
11
Suppose 5*o + 21 = 4*q, -4*q + 2*o + 19 = -o. Let y = q - 4. Suppose y = -5*j + 55. What are the prime factors of j?
11
Suppose 3*v = -2*n + 265, -2*v + 518 = 5*n - n. Suppose 3*z = -2*t + t + n, 0 = 5*z + 5*t - 220. List the prime factors of z.
2, 3, 7
Suppose 27 = -4*n - m, 3*n - 5*m - 6 = -55. Let h(r) = -r**3 - 9*r**2 - 10*r - 9. List the prime factors of h(n).
7
Suppose 4*c - 190 = 3*v, -c + 96 = c - v. What are the prime factors of c?
7
Let m(o) = -o**2 + 12. Let c be m(0). Suppose 0 = -0*s - s + c. What are the prime factors of s?
2, 3
Suppose 0 = -0*m - m, -2*c + 108 = -3*m. List the prime factors of c.
2, 3
Suppose -2*f + 14 = -4*r, 2*f + 2*f - 67 = -5*r. List the prime factors of f.
13
Let i(w) = 0 - 1 - 9*w + 19*w + w**2. Let k(d) = d**3 + d - 1. Let o be k(-2). List the prime factors of i(o).
2, 5
Suppose 20 = 2*b - 5*m, -4*b + 1 = 4*m - 11. Let d(t) = t. Let g be d(2). Suppose -7 = -3*c - g*i, -b*i = 5*c - 5 - 0. List the prime factors of c.
5
Let t = 33 - -9. Suppose v + v - t = 0. Suppose -2*n = -v + 3. List the prime factors of n.
3
Suppose t - b = -1, -2*t + 1 = -6*t + 3*b. Suppose -t*j + 3*j = 14. What are the prime factors of j?
2, 7
What are the prime factors of 8/12 + 589/3?
197
Suppose -2*o + h - 13 = -0*h, -3*o + 4*h - 17 = 0. Let k be 6/(-21) - (-5)/o. Let a = 6 + k. List the prime factors of a.
5
Let j(s) = -s + 2. Let g be j(2). Suppose -1 = -v + 5*h, h - 51 = -3*v - g*h. List the prime factors of v.
2
Suppose 5*x - 105 = -5*q, -4*q + 3*x + 102 = 18. Let g be 119/q + 2/(-3). Suppose 29 = g*f - 31. What are the prime factors of f?
2, 3
Let u(o) = 35*o**3 + 2*o**2 - 1. What are the prime factors of u(1)?
2, 3
Let t(p) = p**2 + 6*p + 2. Let h be t(-5). Let x be 0*((-6)/(-4))/h. Suppose -6 = -2*i - 2*s, x*s - 9 = -i + 2*s. List the prime factors of i.
5
Suppose 6 = 2*d - 6. Suppose 5*n - d - 4 = 0. What are the prime factors of (-4 + n)*26/(-4)?
13
Let l(h) = 5*h + 32. List the prime factors of l(23).
3, 7
Let s = 0 + 3. Let w be (s + 0)*(-4)/(-6). Suppose d + 12 = p - w*d, -3*p + 36 = -d. What are the prime factors of p?
2, 3
Let m(k) = k**3 + 8*k**2 - 6*k + 7. Let a be m(-9). Let y = a + 30. What are the prime factors of (3 - 2)*y/1?
2, 5
Suppose 0 = -4*p - p + 15. Let y = p + 12. List the prime factors of y.
3, 5
Let r = -61 + 101. Suppose -a - r = a. Let t = a + 32. What are the prime factors of t?
2, 3
Let r(d) = -d + 5. Let i be r(4). Let f(g) = -3*g - 4 + i - 1. What are the prime factors of f(-4)?
2
Suppose 0 = -3*a - 4*r, -2*a - 3*a = -4*r. Let w = 95 - 92. Suppose a = 3*j - w*v - 45, -3*j - v + 13 = -2*j. What are the prime factors of j?
2, 7
Suppose 4*l = 35 + 65. Suppose 0 = 5*p + 3*g + 16 + 59, -4*p + g - 43 = 0. Let i = l + p. List the prime factors of i.
13
Let x(k) = k**3 + 4*k**2 + 4*k + 2. Let m be x(-2). Let w = 9 - m. What are the prime factors of w?
7
Suppose 4*s - 1 - 3 = 0. List the prime factors of ((-2)/6)/(s/(-21)).
7
Let y(f) = 4*f**3 - 3*f**2 - f - 9. Let h(j) = -j**3 + j**2 + 1. Let u(g) = -3*h(g) - y(g). Let l be (-1 + 2/2)/2. What are the prime factors of u(l)?
2, 3
Suppose 0*o = -4*o + 5*j + 124, -3*o - 2*j + 93 = 0. Let k = o + -20. List the prime factors of k.
11
Let u(n) = n**2 - 7*n - 7. What are the prime factors of u(-6)?
71
Let w = 1 - -22. What are the prime factors of w?
23
Let q(t) = 21*t**3 - 2*t**2 + 2*t - 1. What are 